s 19331 a multiple of 71?
False
Is 11 a factor of 3591?
False
Does 7 divide 227?
False
Does 22 divide 550?
True
Is 4 a factor of 1548?
True
Is 20573 a multiple of 7?
True
Is 79 a factor of 4614?
False
Does 16 divide 192?
True
Is 12 a factor of 1335?
False
Does 223 divide 42593?
True
Is 8 a factor of 280?
True
Is 60912 a multiple of 141?
True
Does 2 divide 84?
True
Does 22 divide 264?
True
Is 2268 a multiple of 108?
True
Does 26 divide 17624?
False
Is 54 a factor of 482?
False
Is 35 a factor of 779?
False
Is 1403 a multiple of 61?
True
Is 30888 a multiple of 146?
False
Is 30 a factor of 1461?
False
Does 16 divide 2779?
False
Does 16 divide 486?
False
Is 42 a factor of 5712?
True
Is 1138 a multiple of 23?
False
Is 52100 a multiple of 8?
False
Does 13 divide 293?
False
Is 86210 a multiple of 234?
False
Is 67 a factor of 4310?
False
Is 45 a factor of 6397?
False
Is 398 a factor of 68058?
True
Is 2 a factor of 41?
False
Is 4 a factor of 368?
True
Does 24 divide 1004?
False
Is 64020 a multiple of 194?
True
Does 25 divide 1280?
False
Is 1361 a multiple of 57?
False
Is 32 a factor of 11218?
False
Is 2992 a multiple of 34?
True
Is 70 a multiple of 35?
True
Is 58 a factor of 3964?
False
Is 4285 a multiple of 5?
True
Does 118 divide 3885?
False
Is 441 a multiple of 7?
True
Is 30 a factor of 454?
False
Does 4 divide 1832?
True
Does 7 divide 652?
False
Is 2300 a multiple of 25?
True
Does 11 divide 52250?
True
Is 10274 a multiple of 26?
False
Does 34 divide 617?
False
Is 27 a factor of 4401?
True
Is 2694 a multiple of 9?
False
Is 13 a factor of 26754?
True
Is 214 even?
True
Is 69825 a multiple of 245?
True
Is 5 a factor of 3028?
False
Does 12 divide 480?
True
Is 3766 a multiple of 14?
True
Is 79 a factor of 3239?
True
Is 18 a factor of 819?
False
Is 6760 a multiple of 130?
True
Is 5810 a multiple of 28?
False
Does 6 divide 147?
False
Does 211 divide 22155?
True
Is 2398 a multiple of 6?
False
Is 7 a factor of 1829?
False
Does 23 divide 15346?
False
Is 238 a factor of 11052?
False
Is 357 a factor of 59262?
True
Does 78 divide 6396?
True
Is 330 a multiple of 30?
True
Is 3751 a multiple of 70?
False
Does 88 divide 3840?
False
Does 3 divide 1329?
True
Is 2443 a multiple of 16?
False
Does 281 divide 8483?
False
Is 2873 a multiple of 23?
False
Is 163 a factor of 43503?
False
Is 102 a multiple of 102?
True
Is 232 a multiple of 68?
False
Is 3328 a multiple of 16?
True
Does 61 divide 854?
True
Is 55275 a multiple of 33?
True
Is 13 a factor of 1043?
False
Is 341 a multiple of 3?
False
Is 29588 a multiple of 26?
True
Does 40 divide 17798?
False
Does 44 divide 220?
True
Is 8 a factor of 448?
True
Does 38 divide 80598?
True
Does 24 divide 18518?
False
Is 7 a factor of 892?
False
Does 6 divide 1867?
False
Is 33 a factor of 242?
False
Is 2754 a multiple of 51?
True
Does 17 divide 1111?
False
Is 14024 a multiple of 75?
False
Is 1380 a multiple of 30?
True
Is 24 a factor of 12048?
True
Does 25 divide 3899?
False
Does 17 divide 3160?
False
Is 11 a factor of 946?
True
Is 1772 a multiple of 25?
False
Is 4902 a multiple of 38?
True
Is 76 a factor of 2964?
True
Is 12903 a multiple of 23?
True
Does 130 divide 38610?
True
Is 10811 a multiple of 30?
False
Is 114 a factor of 4560?
True
Does 20 divide 10680?
True
Is 2850 a multiple of 30?
True
Does 14 divide 1428?
True
Does 72 divide 30455?
False
Is 16906 a multiple of 46?
False
Does 13 divide 369?
False
Is 18447 a multiple of 13?
True
Does 16 divide 18821?
False
Is 5 a factor of 280?
True
Is 31 a factor of 24153?
False
Is 3384 a multiple of 24?
True
Does 14 divide 904?
False
Does 70 divide 14470?
False
Is 176 a factor of 528?
True
Is 676 a multiple of 13?
True
Does 14 divide 816?
False
Is 17524 a multiple of 80?
False
Is 53471 a multiple of 82?
False
Does 22 divide 29502?
True
Does 22 divide 6594?
False
Does 2 divide 361?
False
Is 58 a multiple of 3?
False
Is 17 a factor of 1819?
True
Is 28140 a multiple of 67?
True
Is 225 a factor of 13196?
False
Does 17 divide 123233?
True
Is 12 a factor of 6168?
True
Is 156 a multiple of 3?
True
Is 768 a multiple of 6?
True
Does 227 divide 30412?
False
Does 33 divide 2201?
False
Is 28250 a multiple of 81?
False
Is 321 a multiple of 5?
False
Is 2508 a multiple of 12?
True
Is 2268 a multiple of 42?
True
Does 4 divide 11478?
False
Is 34300 a multiple of 140?
True
Is 12 a factor of 12?
True
Is 95 a factor of 1805?
True
Does 52 divide 6656?
True
Does 9 divide 432?
True
Does 25 divide 9196?
False
Is 946 a multiple of 22?
True
Is 2 a factor of 98?
True
Is 1647 a multiple of 4?
False
Is 19989 a multiple of 122?
False
Is 808 a multiple of 12?
False
Is 11948 a multiple of 103?
True
Does 111 divide 581?
False
Does 11 divide 275?
True
Is 396 a multiple of 33?
True
Is 23 a factor of 427?
False
Is 24 a multiple of 24?
True
Does 6 divide 513?
False
Is 343 a multiple of 24?
False
Is 546 a multiple of 7?
True
Does 150 divide 40950?
True
Does 35 divide 72660?
True
Is 42 a factor of 6316?
False
Is 2357 a multiple of 5?
False
Does 177 divide 16779?
False
Is 13570 a multiple of 79?
False
Is 93 a multiple of 31?
True
Is 36 a factor of 17568?
True
Does 6 divide 21396?
True
Does 117 divide 30931?
False
Is 62 a factor of 434?
True
Is 1023 a multiple of 33?
True
Is 53930 a multiple of 5?
True
Is 9060 a multiple of 20?
True
Does 21 divide 1336?
False
Is 378 a multiple of 16?
False
Does 52 divide 2012?
False
Is 57297 a multiple of 21?
False
Is 5336 a multiple of 138?
False
Is 233 a multiple of 16?
False
Is 114 a factor of 25325?
False
Is 6594 a multiple of 6?
True
Does 13 divide 3822?
True
Is 22 a factor of 28292?
True
Does 47 divide 9118?
True
Does 6 divide 1651?
False
Is 572 a multiple of 21?
False
Is 118 a factor of 9676?
True
Is 180 a multiple of 15?
True
Is 3080 a multiple of 35?
True
Is 9397 a multiple of 112?
False
Is 1443 a multiple of 29?
False
Is 24 a factor of 2136?
True
Does 6 divide 1122?
True
Is 3 a factor of 462?
True
Is 7810 a multiple of 56?
False
Does 2 divide 151?
False
Is 21 a factor of 33873?
True
Is 15 a factor of 2595?
True
Is 21 a factor of 43259?
False
Is 22 a factor of 742?
False
Does 39 divide 22698?
True
Is 2000 a multiple of 50?
True
Is 6 a factor of 8376?
True
Does 179 divide 16659?
False
Is 18514 a multiple of 77?
False
Is 3 a factor of 2368?
False
Is 20 a factor of 10754?
False
Does 19 divide 766?
False
Does 13 divide 314?
False
Is 12 a factor of 6666?
False
Is 199 a factor of 68655?
True
Is 391 a multiple of 8?
False
Is 33 a factor of 113817?
True
Does 16 divide 279?
False
Is 4 a factor of 60?
True
Is 3225 a multiple of 100?
False
Does 12 divide 2102?
False
Does 224 divide 158592?
True
Does 6 divide 302?
False
Is 14 a factor of 65780?
False
Is 81 a factor of 81?
True
Is 24 a factor of 504?
True
Does 3 divide 440?
False
Does 99 divide 96228?
True
Does 40 divide 6193?
False
Is 5667 a multiple of 25?
False
Does 100 divide 11600?
True
Does 32 divide 36320?
True
Is 23 a factor of 16353?
True
Does 5 divide 77?
False
Does 91 divide 29484?
True
Does 14 divide 965?
False
Is 34489 a multiple of 13?
True
Does 31 divide 965?
False
Is 15 a factor of 4588?
False
Is 15972 a multiple of 132?
True
Does 9 divide 4959?
True
Is 3 a factor of 331?
False
Is 25 a factor of 125975?
True
Is 9 a factor of 1192?
False
Does 28 divide 275?
False
Is 44 a factor of 5041?
False
Does 10 divide 2200?
True
Does 36 divide 16355?
False
Is 12 a factor of 30036?
True
Is 13 a factor of 624?
True
Is 7155 a multiple of 27?
True
Does 48 divide 44064?
True
Is 4779 a multiple of 3?
True
Is 24 a factor of 9880?
False
Is 66 a factor of 1241?
False
Is 64 a factor of 5504?
True
Is 266 a multiple of 38?
True
Is 223 a factor of 4906?
True
Does 24 divide 9971?
False
Does 41 divide 179?
False
Is 21 a factor of 12243?
True
Does 6 divide 3062?
False
Is 49132 a multiple of 296?
False
Is 2136 a multiple of 12?
True
Is 16244 a multiple of 31?
True
Is 9 a factor of 1026?
True
Does 36 divide 2501?
False
Does 62 divide 5751?
False
Does 13 divide 1599?
True
Is 47481 a multiple of 119?
True
Is 24 a factor of 3241?
False
Does 12 divide 445?
False
Is 98 a multiple of 7?
True
Is 14 a factor of 872?
False
Is 34 a factor of 1700?
True
Does 13 divide 6708?
True
Is 456 a multiple of 12?
True
Is 125 a factor of 13103?
False
Is 17 a factor of 587?
False
Is 4